 c be (2 - 4) + 8*1. Let p = c - 4. Suppose p*y = 7*y - 15. What is the greatest common factor of y and 6?
3
Suppose 3*l + 2 = 5*v, 5*v - 6 = -3*l + 2*l. Let j = -1 - -2. What is the highest common divisor of v and j?
1
Suppose -4*r = -r - 6. Suppose 0 = 5*t - t + r*a - 34, 4*a = -5*t + 35. Calculate the greatest common factor of 11 and t.
11
Suppose 5*f = d - 50, -3*d + 0*f + f = -178. Calculate the highest common divisor of 12 and d.
12
Suppose -25 = 5*p - 200. Suppose 2*i - 1 = 7. Suppose 68 = 4*j + i*w, -j + 0*w - 3*w + 23 = 0. What is the greatest common divisor of p and j?
7
Suppose -2*p = -0*p - 242. What is the greatest common factor of p and 11?
11
Let b be (-1)/(13/2) - 504/(-234). What is the highest common divisor of b and 2?
2
Let w(m) = -m - m + 4 + 3*m. Let t be w(4). What is the greatest common factor of t and 64?
8
Suppose 0 = 3*a - 26 - 43. Calculate the greatest common factor of a and 69.
23
Let v be 236/20 - (-2)/10. What is the greatest common factor of v and 132?
12
Let a(u) = u**2 - 5*u + 6. Let s be a(5). Calculate the highest common factor of s and 18.
6
Suppose 3*p - 7*p = -44. Let w = p - 5. Suppose -h - 100 = -w*h. Calculate the highest common factor of h and 5.
5
Suppose 3*g = 5 - 2. Suppose 6 = w + g. Calculate the highest common factor of w and 55.
5
Let h(c) = -c + 33. Let s be h(21). What is the greatest common factor of 12 and s?
12
Suppose f - 6*m + m = 129, 0 = -3*f - 4*m + 463. Let t = f + -93. Let b be 4/((-2)/8*-2). Calculate the highest common divisor of t and b.
8
Suppose -5*z + 5*o - o = -19, 5*z - 51 = -4*o. What is the highest common divisor of z and 56?
7
Let w = 16 + 38. Let g = w - 36. What is the highest common divisor of g and 12?
6
Suppose -m + 0 = -6. Let n be (-1 - 0)/((-8)/16). Suppose 4*z - n*z - 136 = -3*d, 2*z = 5*d - 200. Calculate the greatest common factor of d and m.
6
Suppose q + 88 = -3*q. Let p be 3/(-1*6)*q. Calculate the greatest common divisor of 1 and p.
1
Let s be 20/1 + 0/4. Let h be (-1)/(1/(-8) + 0). Calculate the greatest common divisor of h and s.
4
Let o(b) = b**2 + 2*b + 24. Let k be o(0). What is the greatest common factor of 120 and k?
24
Let j = -7 + 41. Calculate the greatest common divisor of j and 17.
17
Suppose j + 4*j = 0. Suppose -f - f + 144 = j. Calculate the greatest common divisor of f and 9.
9
Let b(u) = 1 + 0*u + u - 7. Let v be b(8). Calculate the greatest common factor of v and 6.
2
Suppose -p + 40 = 5*q - 5*p, -p - 17 = -3*q. Let w be ((-53)/4)/((-1)/q). Let f = w + 27. Calculate the highest common divisor of 32 and f.
16
Suppose 4*q - 12 = q. Suppose q*t - 2*t - 8 = 0. Suppose -6*r + 80 = -2*r. Calculate the highest common factor of t and r.
4
Let x = -3 - 1. Let u be 15 - x/(-6)*3. Suppose -3*w + 41 = 4*c + u, 28 = 5*c + 2*w. Calculate the greatest common divisor of c and 36.
4
Suppose 0 = 2*c + 6, d = 4*d - 5*c - 21. Suppose -g = -d*g + 4. Calculate the greatest common factor of 8 and g.
4
Let c(j) = -2*j**2 + 32*j + 21. Let l be c(14). Calculate the highest common factor of 33 and l.
11
Let x = 57 + -38. Let d = 4 + -2. Suppose d*g - 282 = 60. What is the highest common divisor of x and g?
19
Suppose 3*c + 2*r - 2 + 5 = 0, 4*c + 3*r + 3 = 0. Let s be (-12 - -3)/(1/c). Calculate the highest common divisor of s and 27.
27
Suppose 5*i - 25 = -0*i, 0 = 2*x - 5*i - 143. Let r = 106 + x. What is the greatest common factor of 19 and r?
19
Let a = -92 - -261. Let i = -121 + a. Let r be (0 - -1)/(4/24). Calculate the greatest common factor of r and i.
6
Let c = 5 - -1. Let w(y) = -54*y**3. Let x be ((-1)/2)/((-1)/(-2)). Let q be w(x). Calculate the greatest common factor of q and c.
6
Let z = 5 - 5. Suppose 2*n + 3*q - 9 = 0, z*n + 3*n = 2*q - 6. Suppose n = -3*l + l + 6. What is the greatest common factor of l and 21?
3
Suppose 5*j - 88 = 2*d - 17, 5*j + 2*d = 59. Let o = 23 - j. What is the highest common factor of o and 25?
5
Let h be (-8)/14 + (-128)/(-28) - -2. Calculate the highest common divisor of h and 78.
6
Let s be -6*((-11)/2)/1. Let r(c) = -c**3 + 13*c**2 + 2*c - 15. Let v be r(13). Calculate the greatest common divisor of v and s.
11
Suppose -3*x = -0*x + 3, -2*q + 56 = -2*x. Calculate the highest common divisor of 18 and q.
9
Let m = 111 - 59. What is the highest common factor of m and 78?
26
Let x be 6/9 + (-4)/6. Suppose -3*r - 4 + 22 = x. Suppose -r*v + 4*v = -3*q - 123, 2*q = v - 64. Calculate the greatest common divisor of 6 and v.
6
Let p be 0 + 1/((-3)/(-84)). Suppose p = 2*v + 8. Calculate the greatest common factor of v and 15.
5
Let r = 13 - 2. Suppose -2*x - r = -5*q, 3*q - 3*x + 1 = 13. Let g be (q*14)/(1/8). What is the highest common factor of g and 16?
16
Let o be 6 - 6*6/9. Calculate the greatest common divisor of 14 and o.
2
Let f be (-1)/2 - (-201)/2. Suppose 56 + f = 3*h. What is the highest common factor of h and 13?
13
Suppose 26 = -8*v + 122. What is the greatest common factor of v and 6?
6
Let i(h) = h**3 - 8*h**2 - 9*h - 6. Let j be i(9). Let g = j - -14. What is the highest common factor of 16 and g?
8
Suppose m - 5*m + 9 = -z, 5*z - m - 31 = 0. Suppose 0 = 2*n - 6, -2*o = 2*o + n - 59. What is the highest common divisor of o and z?
7
Let p = 4 + -4. Suppose 6*a - a - 85 = p. Calculate the greatest common divisor of 187 and a.
17
Let v be (1 - (2 - -9))*-1. Calculate the greatest common factor of v and 5.
5
Suppose 33*o - 110 = 32*o. What is the greatest common factor of 10 and o?
10
Suppose 2*h - 332 = -2*h + 4*x, -4*h = -5*x - 327. Suppose 2*o - 4 = -2*o. Let i be o/(-2) - 68/(-8). What is the greatest common divisor of i and h?
8
Let k(u) = -u**2 + 9*u + 8. Let y be k(9). Calculate the greatest common factor of y and 16.
8
Suppose 3*t + 3 = 9. Let a be ((-155)/t - -1)*-2. Calculate the greatest common factor of 17 and a.
17
Let g(y) = -y**3 + 2 + 8*y + 0*y**2 - 3*y - 4*y**2. Let k be g(-5). Let q be -14*(-6)/8*k. Calculate the greatest common factor of q and 105.
21
Let d(j) = -28*j - 2. Let f be d(-4). Let h(w) = w - 16. Let y be h(0). Let m = -6 - y. Calculate the highest common factor of m and f.
10
Suppose -3*v + 0*v - 11 = -2*j, -2*j - 4*v = -32. Let x = -6 + j. Suppose x*c - 344 = -6*b + 2*b, -c + 66 = -3*b. What is the highest common divisor of 9 and c?
9
Let y = 14 - -1. Suppose 5*d = -4*f + 845, -2*d = 3*f - 564 + 219. Calculate the highest common factor of y and d.
15
Let l be 36708/1083 - (17/19 + -1). Let t = -47 + 132. What is the greatest common factor of t and l?
17
Let l = 245 - 74. Calculate the greatest common factor of 19 and l.
19
Let g(q) = 21*q**2 - 6*q - 5. Let j(x) = 20*x**2 - 5*x - 4. Let a(i) = -4*g(i) + 5*j(i). Let o be a(-1). Calculate the greatest common factor of 34 and o.
17
Suppose -6 - 18 = -2*a. Suppose 0 = -3*j + 5*j - a. Calculate the greatest common divisor of j and 12.
6
Suppose -67 = -4*l + 93. What is the highest common factor of l and 60?
20
Let q = -6 + -4. Let i be q/(-3) + 1/(-3). Suppose k + 4*o - 2*o - 9 = 0, -5*o + 30 = 5*k. What is the greatest common factor of k and i?
3
Suppose 3*w = 2*d - 23 - 1, -49 = -5*d + 2*w. Calculate the greatest common factor of d and 3.
3
Let h be 2*(3/(-2) - -4). Calculate the greatest common factor of 45 and h.
5
Let u = -3 - -5. Let c be (1/u)/((-1)/(-34)). Suppose x - c = -2. Calculate the highest common factor of 6 and x.
3
Suppose 15 = 5*t, 0 = -3*f + t + 21 + 15. Let c(r) = 6*r**2 - 6*r - 3. Let m be c(5). What is the greatest common divisor of m and f?
13
Let m(k) = -11*k - 20*k - 2 + 0. Let u be m(-3). Calculate the highest common divisor of u and 13.
13
Let v be 8/3 - 2/3. Suppose -i - 9 = -4*i, v*i = s - 300. Calculate the greatest common divisor of s and 34.
34
Suppose -u + 482 = 4*i + u, 5*i - 5*u - 595 = 0. Calculate the greatest common divisor of i and 12.
12
Suppose -6*u + 9*u = 120. Calculate the highest common divisor of 8 and u.
8
Let t = 1 + 0. Let k be (-3)/t*(-5 - 2). What is the highest common divisor of 14 and k?
7
Let q be 9 + -2 + -3 + 5. What is the highest common factor of q and 45?
9
Let i(k) = -k**2 + 7*k - 4. Let f be i(6). Let w = 7 - 5. Calculate the highest common factor of w and f.
2
Let b = 3 + 9. Calculate the greatest common divisor of 84 and b.
12
Let f(q) = -q - 4. Let y be f(-5). What is the hi